*l - 2*u, i = -4*l + 3*u + 11 + 108. Suppose 5*b - 5 = -3*g + 3, 4*g = b + l. Give f(g).
7
Let q(y) = y**3 - 5*y**2 - 7*y + 8. Suppose 3*l = -l - 4. Let m be l + 0 + 2 - -4. Suppose -2*h + 2*w - 10 = -22, m*h + 2*w - 30 = 0. Determine q(h).
2
Let y(f) = f + 6. Suppose 0 = 5*h - 5*t - 30, 3*t + 5 + 6 = -4*h. Let r be (-5 + h)/(-1) - 14. Determine y(r).
-4
Let n be (-42)/(-9)*6/(-4). Let p = -5 - n. Let y(k) = -3*k - 3*k**3 - p*k + 4*k**2 + 4*k**3 + 4. Calculate y(-5).
4
Let t(l) = -l**2 + 39*l + 36. Let n be t(-1). Let z(a) = -a + 3 - 5 + 0*a. Calculate z(n).
2
Let i(s) = -38 - 35 - 39 + 117 + 2*s. Calculate i(3).
11
Suppose -2*f + 26 = -i - 9, 5*f = 2*i + 86. Suppose 0 = -5*c - f + 1, -3*c - 34 = -5*z. Let l(q) = -3*q - 1. Give l(z).
-16
Let n be (-6)/9*-6 - (-4 + 2). Let l(d) = d**3 + 2*d + d - 2 - d**2 + 0 + n*d**2. Give l(-4).
2
Let a(q) be the second derivative of q**4/12 - 2*q**3 + 4*q**2 + 247*q. Give a(7).
-27
Suppose -4*q + 16 = 0, 18*q + 9 = -5*x + 19*q. Let n(s) = -4*s**2 + s. What is n(x)?
-5
Let l(x) = x**2 - 4*x + 2. Let g(d) = d**3 + 8*d**2 + d + 6. Let r be g(-8). Let w be (r - 10/(-3))*(-99)/(-22). Determine l(w).
14
Let p be (-20)/(-70) - (-2)/(-7). Let h(a) = -3*a**2 - 334 - 2*a + 336 + p*a**2. Let z = 2 - 4. What is h(z)?
-6
Suppose -4*t + 7*r - 4*r = -40, 3*t - 3*r = 30. Let w be (-12)/t*(0 - -5). Let a(d) = -21 + d + 29 - d**3 - 2*d - 6*d**2 + 0*d**3. What is a(w)?
14
Let v(w) = w**3 + 4*w**2 - w - 10. Suppose -c - 6 = -5*j + 8, 3*c + 22 = 5*j. Determine v(c).
-6
Let w(y) = y - 17 - 12 - 13 + 2*y + 12. Calculate w(9).
-3
Let u(p) = 9*p - 6. Let z = 19 + -11. Determine u(z).
66
Let o be (-6)/((-7)/(42/9)). Suppose -o*d - 13 = -49. Suppose -5*x + 25 = -v, -x + 5*v - d = 2*v. Let p(f) = f. Determine p(x).
6
Let w(k) be the second derivative of k**7/2520 + k**6/144 - k**5/24 - k**4/12 - 3*k. Let n(v) be the third derivative of w(v). Determine n(-5).
-5
Let k(d) be the third derivative of -d**6/360 - d**5/24 - d**4/24 + 7*d**3/3 + 43*d**2. Let p(a) be the first derivative of k(a). Give p(-4).
3
Suppose o + 12 = -4*b - 19, 0 = 3*b - 3*o + 27. Let w(i) = -5*i**3 + i**2 + 9*i. Let h(v) = -2*v**3 + 3*v. Let k(q) = b*h(q) + 3*w(q). What is k(-2)?
-2
Suppose 7*m = 11*m - 12. Let x(b) = -5*b + 8*b - 4*b + 9*b + 8 + b**m - 8*b**2. What is x(7)?
15
Let x(y) = y + 5. Let m(d) = -d**3 - 35*d**2 - d - 43. Let c be m(-35). Give x(c).
-3
Let q(w) be the first derivative of 17*w**3/3 - w**2/2 + w + 1673. Suppose -3 - 2 = -5*b. What is q(b)?
17
Let d = 6 - -16. Let s = d + -20. Suppose -f = -i - 5, f - s*i = 2*i + 14. Let l(y) = y**3 - 4*y + 3. What is l(f)?
3
Let f(p) = 2*p - 1. Let b(y) = 4*y. Let x(i) = -2*b(i) + 5*f(i). Let o be (1 - -1)*(-15)/6. Calculate x(o).
-15
Let n(s) be the first derivative of 5*s + 0*s**3 + 0*s**2 - 1/6*s**4 + 7. Let i(f) be the first derivative of n(f). Determine i(1).
-2
Let g = 12 - 9. Let c(v) = -5 + 2 - 2 - g*v - 1. Determine c(-6).
12
Let j(z) = -z**2 - z + 7. Let b = 67 - 63. Let p(n) = n**2 - 2*n - 13. Let m be p(b). Calculate j(m).
-13
Let h = -1723/3 + 575. Let b(d) be the first derivative of 1/4*d**4 + h*d**3 + 4*d - 7 - 3/2*d**2. Determine b(-3).
4
Let r(n) = 2*n**2 + n + 1. Let v(o) = 3*o**3 - 3*o + 2. Let i be v(1). Suppose -y + 5 = 0, i*m + 4*y - 22 = m. What is r(m)?
11
Let n(h) be the third derivative of -h**4/24 - 11*h**3/6 + 33*h**2. Calculate n(-15).
4
Let n(l) = -3*l**2 - 5*l - 1. Let q(u) = u**2. Let b be -4*(-4)/(-8) - -4. Suppose s = -s + b. Let a(r) = s*n(r) + 4*q(r). Give a(6).
5
Let z be 16/(-12)*-3 + 3. Let n(u) = -z + 2 + 2 - u + 2. Give n(-2).
1
Suppose 2*u = -3*y - 6 + 20, 3*y = 12. Let c(j) = -u + 0 + j + 0. What is c(2)?
1
Let n(k) = -5*k**2 + 4*k - 3. Let p(r) = 4*r**2 - 3*r + 2. Let d(w) = -2*n(w) - 3*p(w). Determine d(2).
-6
Let w(a) = -17*a + 9. Let c(o) = -3*o + 1. Let f(v) = 6*c(v) - w(v). Determine f(-8).
5
Let s(w) = w - 35 + 16*w**2 - 2*w - 11*w**2 - 3 - 6*w**2 + w**3. Calculate s(0).
-38
Let v(d) = -d. Let a(g) = 5*g + 9. Let z be (-24)/(-15) - (1 - 4/10). Let l(x) = z*a(x) - 2*v(x). Determine l(-6).
-33
Suppose 3*d + 221 = 2*w, 373 = -d - 4*d + w. Let g = 79 + d. Let l(z) = z**3 - 3*z**2 - 3*z + 6. Give l(g).
10
Let f(n) = n - 4*n**3 - n + 3*n - 1 - 4*n**2. Let x(b) = 5*b**3 + 4*b**2 - 4*b + 2. Suppose 5*k + 15 = -10. Let z(p) = k*x(p) - 6*f(p). Determine z(4).
4
Let v(c) = -9*c - 1. Let m(g) = 1. Let l(t) = -5*m(t) - v(t). What is l(5)?
41
Let n(m) = -143*m + 51*m + 48*m + 58 + 50*m. Give n(-11).
-8
Let g(n) = -154*n**2 + 4 - 16 - 23 + 35*n. Let k(m) = -2*m - 128 + 9*m**2 + 67 + 63. Let p(w) = -2*g(w) - 35*k(w). Determine p(-1).
-7
Let o(d) = 2*d**3 + 6*d**2 + d - 3. Let q be o(-2). Let l(k) = 3*k - 6. Calculate l(q).
3
Let y(h) = h**2 - 9*h + 2. Suppose 62*p - 64*p + 4 = 0. Suppose 5*j + 2*o - 46 = -14, 0 = -p*j + 4*o + 32. Determine y(j).
-6
Let l(n) = -2*n**2 - 2*n**2 - 4*n + 9 + 5*n**2 - 11 - 1. Let b = -1 + 4. Give l(b).
-6
Let w = 42 + -36. Let o(a) = 3*a**3 + 17*a**2 - 5*a + 14. Let q(i) = -5*i**3 - 26*i**2 + 8*i - 21. Let t(d) = -8*o(d) - 5*q(d). Give t(w).
-7
Let i(n) = n**3 + 8*n**2 + 8*n + 7. Let g be 10/((2/8)/1). Let a = g + -47. Give i(a).
0
Suppose 0 = -2*m, -5*j + 13 + 17 = -m. Let r = 1 + j. Let u(s) = -7*s**2 + 4*s**2 + 2 + 4*s**2 + 2 - r*s. Calculate u(5).
-6
Let q be 1*(3 + -2 + -2 + 3). Let w(s) be the second derivative of -6*s + 1/6*s**4 + 0 - s**2 + 1/6*s**3. What is w(q)?
8
Let w(r) = 5*r - 1. Suppose 0 = 3*k + 5*k + 112. Let f be 2*21/k*(-2)/(-6). Calculate w(f).
-6
Let o(u) be the first derivative of -2*u**3/3 + 9*u**2/2 - 3*u + 8. Determine o(6).
-21
Let z(s) = 7*s + 11. Let m(j) = 11*j + 16. Let r(g) = -5*m(g) + 8*z(g). Suppose 8 = -4*t - 5*v - 20, -5*t + v - 35 = 0. Determine r(t).
1
Let d(s) = 3*s**3 - 11*s**2 + 4. Let f(c) = 7*c**3 - 23*c**2 + c + 8. Let v(t) = 9*d(t) - 4*f(t). Let x be ((-18)/21)/(1/7). Give v(x).
-8
Let j(q) = -3*q**3 + 8*q + 9*q**2 + 6*q**3 + 6 - 4*q**3 + 7 - q**2. Determine j(9).
4
Let v be 6/3 - (-8 - -7 - -5). Let d(n) = -2*n**3 + n**2 - 2*n - 2. Calculate d(v).
22
Let o(x) = 3. Let r(m) = -5*m - 20. Let h(z) = -6*o(z) - r(z). Calculate h(2).
12
Let g(f) be the third derivative of f**8/20160 + f**7/1680 - f**6/360 + 23*f**5/60 - f**2. Let l(k) be the third derivative of g(k). Determine l(-3).
-2
Let y(t) = -2*t + 3. Let d be y(0). Let p(r) = -2*r**2 + r + 2. What is p(d)?
-13
Let i(n) = 5*n**2 + 24*n - 21. Suppose 0 = 7*l - 2*l + 55. Let j(p) = p**2 + 5*p - 4. Let d(k) = l*j(k) + 2*i(k). Calculate d(-6).
8
Let k be (1/1)/(6/12). Let x(g) = -2*g + 6*g - 234*g**2 + 235*g**k. Give x(-5).
5
Suppose 0 = -2*v + 8, 2*i - v + 24 = -2*i. Let g(d) = 4*d - 2*d - 12 - 3*d. Determine g(i).
-7
Let s(v) = 11*v**2 + 2*v + 2. Let i(w) = -w**2 - 4*w + 10. Let g be i(-6). Let k(o) = o**2 - o - 1. Let u(r) = g*k(r) - s(r). Determine u(-1).
-13
Let n = -397 + 389. Let a(l) = 2*l**2 + l - 2. Let r be a(-2). Let f(j) = 4*j + j + 5 - r*j. Determine f(n).
-3
Let z(o) = 6*o - 4*o - o. Let t(g) be the first derivative of -g**4/4 - 5*g**3/3 + g**2/2 + 4*g + 5. Let m be t(-5). What is z(m)?
-1
Let a be 0*(-4 + (-91)/(-21)). Let k(j) = j**2 + j + 11. What is k(a)?
11
Suppose -3*f - 5*m - 7 = -f, -2*f = -m + 13. Let s = f + 26. Let d(n) = -6*n - 6 - 15 + s. Calculate d(-1).
5
Let i(n) = 2*n**2 - 43*n + 21. Let l be i(21). Let x(g) = l - 5 + g**3 - 4*g**2 + 2*g - 1. Give x(4).
2
Let x be (14/6)/7*15. Suppose p = x*z + 9, 3*p + p + 3*z - 13 = 0. Let u(h) = h**2 - 4*h + 1. What is u(p)?
1
Let q(p) be the third derivative of p**6/120 - p**5/15 - 5*p**4/24 + 2*p**3/3 - 243*p**2. Give q(5).
4
Suppose 39*i - 57 - 21 = 0. Let n(y) be the second derivative of -2*y**3/3 - y**2 - y. Calculate n(i).
-10
Let b(a) be the first derivative of a**3/3 + a**2/2 - 45*a + 477. Determine b(-7).
-3
Let n(d) = -5*d - 64. Let p be n(-12). Let b(t) = 5*t. Determine b(p).
-20
Let x(w) = 4*w**2 + w - 1. Suppose 0 = -d - 5*r + 34 - 8, -2*r = -3*d - 7. Give x(d).
4
Let b = -259 + 248. Let w(r) = -2*r + 4. Determine w(b).
26
Let b(x) be the second derivative of 0 - 9*x - 19/6*x**3 - 1/2*x**2. What is b(1)?
-20
Suppose -32*s + 110 = -43*s. Let t(n) = n + 7. Calculate t(s).
-3
Suppose -2*n - n = -2*q + 24, 3*q - 6 = -3*n. Let y(u) = -u**2 + 5*u - 2. Let f(l) = 5 - 6 + 5*l - 